on divisor of 63 and q.
7
Let h be (-2)/(-15) - 0 - 11438/(-1290). Suppose -5*a - 896 = -4*s - h*a, 4*s - a = 881. What is the highest common factor of 85 and s?
17
Suppose -24040 - 47709 = -50*r - 4599. Calculate the highest common factor of r and 158.
79
Suppose -2860 + 100 = -2*w. What is the greatest common divisor of 420 and w?
60
Let f(v) = v**3 + 11*v**2 - 8*v - 4. Let m be f(-11). Let i = 4318 - 4108. Calculate the highest common divisor of m and i.
42
Suppose 23*o - 724 = -126. What is the highest common divisor of 1092 and o?
26
Suppose 0 = -12*i + 28 + 37 + 67. What is the greatest common factor of i and 1991?
11
Suppose 11036*i + 84 = 11042*i. Calculate the greatest common factor of i and 2086.
14
Let i = 8800 - 8776. Calculate the greatest common divisor of i and 1140.
12
Let d(b) = -b**3 - 6 + 5*b**2 - 8*b**2 - 4 + 9*b + 9*b**2. Let u be d(7). Suppose -u = 3*j - 10. Calculate the greatest common divisor of 22 and j.
2
Let g be ((-17)/(-6))/(((10 - 6)/(-24))/(-3)). What is the highest common factor of g and 45?
3
Let c = -16895 - -18352. What is the greatest common divisor of 62 and c?
31
Let u = -1378 - -1385. Suppose -6*t + 2*n + 214 = -4*t, n = 5. Calculate the highest common divisor of t and u.
7
Let p(t) = -23*t - 19. Let z be (-18 + 0)*(10/4 + -3). Suppose 0 = -5*h, 3*u + z + 15 = -5*h. Let g be p(u). Calculate the greatest common factor of 15 and g.
15
Let d be (5/3 - 3)*(-897)/26. Calculate the greatest common factor of 8 and d.
2
Suppose 9*k - 125 = 4*k. Let w be (3 - 76/28)/(2611/49 - 53). Calculate the greatest common factor of w and k.
1
Suppose 0 = 4*t - 4*q - 9 + 49, 0 = 5*t - 2*q + 41. Let r be (-3*14)/t - (-1)/(-1). Let g be (-20)/8*(-42)/r. Calculate the greatest common divisor of g and 35.
7
Let b = -2916 + 2922. What is the highest common divisor of b and 2522?
2
Suppose 14*j + 153 = 23*j. Suppose 7*n = 2*n - 385. Let v = n - -162. What is the greatest common factor of v and j?
17
Suppose 39*o - 1673 = 1525. Suppose 14*g + o = 4*n + 9*g, -5*n + 100 = -5*g. What is the highest common factor of 9 and n?
9
Let q be (-28336)/(-48) - -3*(-12)/27. Let i = q - 490. What is the greatest common factor of i and 33?
33
Let p = -290 - -430. Suppose 3*k - 3 = -15, 4*r - 3*k = p. Suppose 12 = 5*i + t - 57, 4*i = 5*t + r. What is the greatest common divisor of 13 and i?
13
Suppose -3*a + a - 3*z - 94 = 0, 2*z = -2*a - 98. Let j = 0 - a. Let k = 125 - j. Calculate the greatest common divisor of 36 and k.
36
Let x(l) = l**2 + 4*l - 6. Let q be x(7). Let k = q + -70. Calculate the greatest common divisor of 37 and k.
1
Let g(h) = 3*h**2 - 8*h + 4. Let p be g(2). Suppose p = -2*z - 2*n + 6*n, z = 3*n - 2. Calculate the greatest common divisor of 7 and z.
1
Suppose -16*y - 13*y + 450 = -26*y. What is the highest common divisor of y and 1890?
30
Let c be 5/(69/18 - 3) - 0. Let z = -225 + 291. What is the greatest common divisor of z and c?
6
Let w = -2293 + 2303. Calculate the greatest common factor of 730 and w.
10
Let v = 13173 + -12802. What is the highest common divisor of 91 and v?
7
Let h(z) = -z**3 + 7*z**2 + 12*z + 31. Let g be h(7). Suppose -y - 4 + 9 = 0. What is the greatest common factor of y and g?
5
Let x = 5505 + -5460. What is the greatest common factor of 1965 and x?
15
Let o be -2*14/(-12)*3. Let q be (-50)/15*(-9)/5. Suppose -4*f = 5*x - 277, -2*x = -4*f - q*x + 272. What is the highest common divisor of f and o?
7
Suppose -3*u + 29 = 8. Let z be 2/18 - (-5122)/234. Suppose z = u*t - 55. What is the highest common factor of t and 55?
11
Suppose -17152 = -5*l + f, 2*f = -5*l + 18395 - 1234. Calculate the greatest common factor of l and 73.
73
Suppose 0 = -188*u + 186*u + 20. Let y(i) = 9*i - 6. Let d be y(2). Let c be (-21)/(-2) - 6/d. Calculate the highest common factor of u and c.
10
Suppose 3*p - 240 = -6*l + 7*l, -5*p = 3*l - 414. Calculate the highest common factor of 1125 and p.
9
Let w(t) = -20*t + 18. Let u be w(10). Let q = u + 194. Calculate the highest common factor of q and 108.
12
Suppose 2*d + 1 + 7 = 0. Let z be ((-282)/d)/((-2)/(-4)). Let f be z + -1 - 2/(-2). What is the greatest common factor of 47 and f?
47
Suppose 3*k - 344 - 151 = 0. Suppose 0 = 12*s - 739 + 343. Calculate the greatest common divisor of k and s.
33
Suppose -5*v + 2*g = -528, -73*g + 74*g = -4*v + 399. Let p be 516/15 + (-4)/10. Calculate the highest common factor of v and p.
34
Let y be (-2 - 42/9)*(-96)/40. Suppose -3*r + 8 + y = 3*m, r - 2*m = -4. Let x = 16 + -8. Calculate the greatest common factor of x and r.
4
Let o = 3430 + -3362. Calculate the greatest common divisor of 34 and o.
34
Let o = -19315 + 32940. What is the highest common factor of o and 75?
25
Let h(w) = -w - 11 + 174*w**2 - 2*w + 1 - 173*w**2. Let g be h(-3). What is the highest common factor of 304 and g?
8
Let h be (-6)/8 - 19/(-4). Suppose l - 90 = -h*l. Suppose -3370 = -10*b - 2380. Calculate the highest common divisor of b and l.
9
Suppose 42*c - 1462 - 126 - 1142 = 0. Calculate the greatest common factor of 205 and c.
5
Let u(t) = 2*t + 3. Let j be u(4). Suppose j*k - 158 = 172. Calculate the greatest common factor of 105 and k.
15
Let c = 19241 - 18913. What is the greatest common divisor of 41 and c?
41
Suppose -3*f - f - 3*l - 1339 = 0, f + 335 = -l. Let r = f - -341. Suppose y = 4*u + 28, 5*y - 5*u - 82 = 58. Calculate the greatest common divisor of y and r.
7
Suppose 0 = 5*f - s - 910 - 4374, -2*s + 4244 = 4*f. Calculate the greatest common factor of 69 and f.
23
Let a be (-12)/(-10) - (369056/(-20) + 22). What is the highest common factor of 36 and a?
36
Suppose 4*a = -m + 16 + 57, 71 = 4*a - m. Let r be (-2)/(-7) - 80/(-14). Let w(u) = 5*u**2 - 9*u. Let b be w(r). What is the greatest common factor of a and b?
18
Suppose 94*j - 39*j = 1485. What is the greatest common divisor of 3807 and j?
27
Suppose 3*b - 235 - 8 = 0. Let x = -14990 - -15098. Calculate the highest common divisor of b and x.
27
Suppose -5*i + 594 = 3*o, 3*i - 5*o = 391 - 21. Let z = 3288 - 3276. What is the highest common divisor of z and i?
12
Let n = 22 - 8. Let z be (228/(-30))/((-10)/25). Suppose -n*y = -z*y + 95. What is the highest common divisor of 133 and y?
19
Suppose -o - o = 5*h - 402, 0 = -h + 2. Let s be (-3 - -4)*(o - -1 - 2). What is the highest common factor of 75 and s?
15
Let r = -740 - -1092. Let s = 36 + -4. Calculate the greatest common factor of s and r.
32
Suppose -3*b - 2*d - 140 = -0*b, b + 50 = d. Let h = 51 + b. Suppose -h*q = 27 - 147. Calculate the highest common divisor of q and 10.
10
Let w(v) = 14*v - 11. Let q be w(3). Suppose 12 = q*i - 27*i. Let o(l) = -5*l - 3. Let c be o(-6). What is the highest common divisor of c and i?
3
Let n(i) = -9*i + 870. Let o be n(92). What is the highest common factor of o and 1358?
14
Let x be (-1)/3 + (-256)/(-12). Let m(i) = 108*i - 321. Let j be m(3). Calculate the greatest common divisor of x and j.
3
Let z = -481 - -949. Let d = 583 - z. Calculate the highest common factor of 20 and d.
5
Let d = -40 - -77. Suppose -4788 = 30*q - d*q. Calculate the highest common divisor of 152 and q.
76
Let z(o) = -4222*o**3 - 9*o**2 - 6*o + 1. Let m be z(-1). What is the highest common factor of m and 40?
20
Let r(u) = -695*u - 1. Let n be r(-1). Suppose 908 = -2*f + 3*k, 510 = -2*f + 2*k - 398. Let t = f + n. Calculate the greatest common factor of 20 and t.
20
Let g = -169 + -1367. Let z be ((-1)/(-2))/(8/g*-8). Calculate the greatest common factor of z and 3.
3
Let v = -66 + 69. Suppose 3 = 3*l + j, -j = 3*l + 2*j + v. Let y be (237/l - 3)*2. Calculate the greatest common factor of 33 and y.
33
Suppose w + 0 = 10. Let k(n) = -n**3 + 20*n**2 - 67*n + 83. Let s be k(16). Calculate the highest common divisor of s and w.
5
Suppose g = -3*b + 411, 2*g - 141 + 9 = -b. Calculate the greatest common factor of 6 and b.
6
Let w(f) = 392*f - 410. Let p be w(10). Calculate the highest common factor of 450 and p.
90
Let x(o) = 84*o + 1152. Let c be x(-5). Calculate the greatest common factor of 61 and c.
61
Suppose -4*k + 3*y = 3127 - 13420, 3*k - 7720 = 2*y. What is the highest common factor of 36 and k?
18
Let m be 2 + 38*2 + 2. Let p(q) = -96*q**3 - 2*q**2 + 391*q + 393. Let x be p(-1). Calculate the highest common factor of